566?
6
What is the thousands digit of 1385845?
5
What is the hundred thousands digit of 34032864?
0
What is the hundred thousands digit of 637688?
6
What is the ten thousands digit of 153524?
5
What is the thousands digit of 628567?
8
What is the hundred thousands digit of 2146535?
1
What is the ten thousands digit of 9106844?
0
What is the hundreds digit of 31509?
5
What is the tens digit of 5133000?
0
What is the millions digit of 21034435?
1
What is the units digit of 3524825?
5
What is the tens digit of 5162538?
3
What is the tens digit of 114394?
9
What is the thousands digit of 360548?
0
What is the tens digit of 3484794?
9
What is the tens digit of 9102296?
9
What is the units digit of 166300?
0
What is the tens digit of 1136325?
2
What is the thousands digit of 1937620?
7
What is the units digit of 3266551?
1
What is the hundreds digit of 856110?
1
What is the hundreds digit of 1343607?
6
What is the hundreds digit of 268692?
6
What is the units digit of 6557745?
5
What is the hundred thousands digit of 959291?
9
What is the tens digit of 15439348?
4
What is the hundreds digit of 897810?
8
What is the hundreds digit of 55464?
4
What is the units digit of 747998?
8
What is the tens digit of 806158?
5
What is the hundred thousands digit of 8794392?
7
What is the millions digit of 1597668?
1
What is the hundreds digit of 3053481?
4
What is the millions digit of 28832181?
8
What is the ten thousands digit of 208453?
0
What is the millions digit of 5558251?
5
What is the thousands digit of 624314?
4
What is the millions digit of 32764099?
2
What is the tens digit of 475225?
2
What is the ten millions digit of 33246564?
3
What is the millions digit of 6337539?
6
What is the thousands digit of 13386613?
6
What is the thousands digit of 829565?
9
What is the units digit of 21225626?
6
What is the ten thousands digit of 1716629?
1
What is the thousands digit of 84825?
4
What is the hundreds digit of 652373?
3
What is the thousands digit of 751409?
1
What is the hundred thousands digit of 951639?
9
What is the ten thousands digit of 1210109?
1
What is the hundreds digit of 898297?
2
What is the hundreds digit of 74133?
1
What is the hundreds digit of 4427677?
6
What is the hundred thousands digit of 3715523?
7
What is the thousands digit of 4795?
4
What is the thousands digit of 3156940?
6
What is the ten thousands digit of 110122?
1
What is the thousands digit of 485735?
5
What is the ten millions digit of 28695044?
2
What is the ten thousands digit of 7327172?
2
What is the thousands digit of 347143?
7
What is the thousands digit of 591346?
1
What is the tens digit of 195944?
4
What is the ten thousands digit of 87165?
8
What is the ten thousands digit of 13083926?
8
What is the hundreds digit of 499464?
4
What is the tens digit of 564790?
9
What is the tens digit of 15609644?
4
What is the ten thousands digit of 137388?
3
What is the tens digit of 78?
7
What is the units digit of 2624182?
2
What is the hundred thousands digit of 5697428?
6
What is the thousands digit of 12134?
2
What is the thousands digit of 344204?
4
What is the thousands digit of 93189?
3
What is the hundreds digit of 11459?
4
What is the thousands digit of 446403?
6
What is the tens digit of 165277?
7
What is the thousands digit of 1334704?
4
What is the hundreds digit of 3296786?
7
What is the millions digit of 1601448?
1
What is the millions digit of 5166460?
5
What is the hundred thousands digit of 10760838?
7
What is the hundred thousands digit of 857275?
8
What is the thousands digit of 266920?
6
What is the hundred thousands digit of 793313?
7
What is the hundred thousands digit of 13563573?
5
What is the units digit of 875476?
6
What is the tens digit of 419599?
9
What is the units digit of 176357?
7
What is the millions digit of 3272782?
3
What is the thousands digit of 1235161?
5
What is the tens digit of 46125?
2
What is the units digit of 2280209?
9
What is the thousands digit of 543137?
3
What is the units digit of 1723100?
0
What is the hundreds digit of 372203?
2
What is the hundreds digit of 332418?
4
What is the thousands digit of 8181397?
1
What is the thousands digit of 9658673?
8
What is the tens digit of 44318?
1
What is the millions digit of 19357793?
9
What is the hundreds digit of 408184?
1
What is the tens digit of 1074803?
0
What is the hundred thousands digit of 1062383?
0
What is the tens digit of 32155?
5
What is the hundreds digit of 4370619?
6
What is the hundred thousands digit of 3376643?
3
What is the thousands digit of 697741?
7
What is the millions digit of 5390398?
5
What is the ten thousands digit of 249336?
4
What is the hundred thousands digit of 197909?
1
What is the units digit of 17262512?
2
What is the units digit of 768353?
3
What is the hundred thousands digit of 2852092?
8
What is the hundreds digit of 4302762?
7
What is the thousands digit of 2441851?
1
What is the ten thousands digit of 254134?
5
What is the hundreds digit of 205359?
3
What is the ten thousands digit of 133396?
3
What is the hundreds digit of 5401101?
1
What is the units digit of 2334005?
5
What is the units digit of 19450575?
5
What is the hundreds digit of 7395887?
8
What is the hundred thousands digit of 292417?
2
What is the units digit of 2092206?
6
What is the hundred thousands digit of 1527814?
5
What is the hundreds digit of 248302?
3
What is the hundreds digit of 3817418?
4
What is the millions digit of 1869974?
1
What is the millions digit of 3684220?
3
What is the hundred thousands digit of 180655?
1
What is the millions digit of 6666755?
6
What is the thousands digit of 3995946?
5
What is the hundreds digit of 2547899?
8
What is the tens digit of 5703686?
8
What is the ten thousands digit of 1131273?
3
What is the hundreds digit of 196834?
8
What is the units digit of 121763?
3
What is the ten thousands digit of 464349?
6
What is the hundreds digit of 11746789?
7
What is the hundreds digit of 490749?
7
What is the hundred thousands digit of 417350?
4
What is the tens digit of 11539278?
7
What is the units digit of 2185794?
4
What is the ten thousands digit of 1647972?
4
What is the units digit of 4030?
0
What is the hundreds digit of 81432?
4
What is the hundreds digit of 543261?
2
What is the tens digit of 2138842?
4
What is the hundred thousands digit of 2250815?
2
What is the tens digit of 1224169?
6
What is the millions digit of 7118513?
7
What is the millions digit of 2101614?
2
What is the tens digit of 331167?
6
What is the hundred thousands digit of 344465?
3
What is the ten thousands digit of 12048?
1
What is the tens digit of 2552213?
1
What is the hundreds digit of 1004441?
4
What is the thousands digit of 188427?
8
What is the millions digit of 13067608?
3
What is the hundreds digit of 1920307?
3
What is the tens digit of 49898?
9
What is the hundreds digit of 96337?
3
What is the tens digit of 6104241?
4
What is the thousands digit of 20735903?
5
What is the hundreds digit of 14670369?
3
What is the thousands digit of 4199924?
9
What is the thousands digit of 12751850?
1
What is the hundred thousands digit of 2347314?
3
What is the hundreds digit of 19476471?
4
What is the hundreds digit of 1327665?
6
What is the ten thousands digit of 12366568?
6
What is the millions digit of 1356291?
1
What is the ten thousands digit of 10236797?
3
What is the units digit of 17580530?
0
What is the thousands digit of 1819800?
9
What is the hundred thousands digit of 1661000?
6
What is the ten thousands digit of 4343378?
4
What is the ten thousands digit of 6985798?
8
What is the units digit of 136007?
7
What is the units digit of 2081265?
5
What is the millions digit of 1716730?
1
What is the hundred thousands digit of 2710723?
7
What is the ten thousands digit of 12667?
1
What is the millions digit of 6539268?
6
What is the hundred thousands digit of 16016594?
0
What is the ten thousands digit of 3542591?
4
What is the thousands digit of 8145590?
5
What is the hundreds digit of 394872?
8
What is the units digit of 92909?
9
What is the tens digit of 4569966?
6
What is the units digit of 348759?
9
What is the hundred thousands digit of 7684167?
6
What is the thousands digit of 11682460?
2
What is the hundreds digit of 303422?
4
What is the thou